- 2*k + 60. Suppose -5*f + 3*f + k = -3*p, -4*p = -5*f + 30. List the prime factors of f.
2, 3
Suppose -5*w = -3*t + t - 4, 0 = -t + 3*w - 3. Let s(f) = 4*f - 6. Let x be s(9). Suppose h - x = -t. What are the prime factors of h?
3
Suppose 2*m + f = 1, 4*m + 5*f + 7 = 12. Suppose m = -n - 6*n + 1036. List the prime factors of n.
2, 37
Suppose -24*b = -9*b - 45. Suppose x + b*p - 331 = 0, -3*x + 953 = p - 2*p. What are the prime factors of x?
11, 29
Let k be (96/(-9))/(-4 + 33/9). List the prime factors of (k/(-3))/(4/(-6)).
2
Suppose 0 = -0*b - 6*b + 192. Let g be 2*-2*1064/b. Let p = -94 - g. List the prime factors of p.
3, 13
Suppose 13*r + 4*r = 25296. What are the prime factors of r?
2, 3, 31
Suppose 4275 = 5*k - 2*v, -1028 - 711 = -2*k - 5*v. Suppose -17*m + 1489 = -k. What are the prime factors of m?
2, 3, 23
Let b(n) = 18*n**3 - 6*n**2 + 14*n + 8. What are the prime factors of b(3)?
2, 241
Suppose 32*c - 10530 = 2*c. List the prime factors of c.
3, 13
Let s be (-2228)/6 - (-3)/9. Let k = 547 + s. List the prime factors of k.
2, 11
Suppose 15 = 5*g - 165. Let z = g - 19. What are the prime factors of z?
17
Suppose 2*j + 6902 = 3*t, -19*t = -18*t + 2*j - 2298. What are the prime factors of t?
2, 5, 23
What are the prime factors of 111 + -11 + (1 + 2 - -1)?
2, 13
Suppose 185*p = 213*p - 106428. List the prime factors of p.
3, 7, 181
Let o(i) = 12*i. Suppose -7*j + 11 = -31. List the prime factors of o(j).
2, 3
Suppose 3*j + 4*x - 9490 = 0, 0 = -j + 2*x - 1877 + 5047. What are the prime factors of j?
2, 1583
Let n be 871 - (0 - -1 - -2). Suppose -2*h + 2*w + n = 3*h, 5*h + 4*w - 874 = 0. List the prime factors of h.
2, 3, 29
Let q = -26 - -29. Suppose -4*z + 890 = q*a, -5*z + a + 1126 = -2*a. What are the prime factors of z?
2, 7
Suppose -28*o - 6707 = -40223. List the prime factors of o.
3, 7, 19
Suppose -h - 1 = -0. Let i = h + -21. Let f = -5 - i. List the prime factors of f.
17
Suppose -5*f + 5*y + 9850 = 0, -3*y + 1970 = -0*f + f. List the prime factors of f.
2, 5, 197
Suppose -20 = -l + 3*l. Let d = 332 - l. What are the prime factors of d?
2, 3, 19
Let k(c) = 9*c + 15. Let s(m) = 5*m - 17. Let t be s(6). List the prime factors of k(t).
2, 3, 11
Suppose -3*g = -o - 45 + 592, -o = 5. Let y = g - -374. What are the prime factors of y?
2, 5, 19
Suppose -w + 2 = -2. Let n be ((-5)/(-10))/(1/w). Suppose -5*o - k = -74, o - 58 = -3*o - n*k. List the prime factors of o.
3, 5
Suppose -4*x + 0 = -12. Suppose 5*f - x*f = 0. Suppose z - 52 = -z + d, f = -4*z - d + 110. List the prime factors of z.
3
Let t(s) = -7*s**3 + s**2 + 2*s + 2180. List the prime factors of t(0).
2, 5, 109
Let h(z) = -z**3 + 30*z**2 - 49*z - 21. What are the prime factors of h(22)?
47, 59
Let d be (-3 - -3)/4 - -360. Suppose -3*q - 350 = -5*m, 3*m - d = -2*m + q. What are the prime factors of m?
73
Let c = 3 + 1. Let y be 1 - (-2 + c) - -17. Suppose -2*m = 2*m - y. What are the prime factors of m?
2
Let o(u) be the second derivative of -u**4/2 - u**3/2 + 2*u**2 - 3*u. Let x be o(3). Let h = x + 83. What are the prime factors of h?
2, 3
Let r(j) = 34*j**2 - 2*j + 2. Let g = -55 + 57. List the prime factors of r(g).
2, 67
What are the prime factors of (528695/(-123))/((-15)/9)?
2579
Let g(k) = 39*k**2 + 16*k - 3. What are the prime factors of g(-2)?
11
Suppose 16 = -3*h + 4. List the prime factors of (-1 + -110)/(-1 - (-2)/h).
2, 37
Suppose 0 = 6*g - 0. Suppose 3*t = -4*v - g*t + 396, v - 3*t - 114 = 0. List the prime factors of v.
2, 3, 17
Suppose 2*r + s - 164 = 3*s, 0 = 5*r + 2*s - 396. What are the prime factors of r?
2, 5
Let x(s) = -s**3 + 11*s**2 + 13*s + 21. List the prime factors of x(8).
317
Let f be 0/(-1)*(5 + -4). Suppose f*u + 14 = 2*u. What are the prime factors of ((-21)/2)/u*-12?
2, 3
List the prime factors of 1013 + 36/(-6)*1.
19, 53
Suppose -3*o + 3785 = 5*q, -63*q + 58*q + 3785 = 5*o. List the prime factors of q.
757
Suppose -30*h + 30337 = -923. List the prime factors of h.
2, 521
Suppose -2*a + 4*i + 8864 = 0, 5*i - 22145 = 5*a - 10*a. What are the prime factors of a?
2, 5, 443
Let p be (-3)/4 + (-216)/(-32). Suppose 0*m + 330 = p*m. List the prime factors of m.
5, 11
Suppose -5*n - 160 = -d, 9*d - 7*d + 2*n - 260 = 0. List the prime factors of d.
3, 5
Suppose 2*c = c + 7. Let j = c - -46. What are the prime factors of j?
53
List the prime factors of 29 + -30 + 161 + 1.
7, 23
Let r(n) = 47*n + 21. Let v(a) = 95*a + 43. Let x(y) = 13*r(y) - 6*v(y). Let k be x(4). Let u = -104 + k. List the prime factors of u.
3, 5
Let h = 805 - 148. List the prime factors of h.
3, 73
Let j(s) = 4*s**2 - 2*s - 23. Let w be j(-13). Let r = w - 450. List the prime factors of r.
229
List the prime factors of (-54)/108*(-1 + -4504 + 3).
2251
Let n = -1570 - -3202. What are the prime factors of n?
2, 3, 17
What are the prime factors of (-2 + 0)/((-35)/4480)?
2
Let v(t) = -4*t**2 - 2*t. Let k be v(-2). Let h = -9 - k. List the prime factors of (-1)/h - 140/(-6).
23
Suppose -16 = 6*q + 8. List the prime factors of q/(-18)*15*(-510)/(-20).
5, 17
Let s(k) = k + 14. Let l be s(-12). Suppose 3*g + x - 38 = -l, 0 = g + 5*x - 12. Let w = g + -7. What are the prime factors of w?
5
Suppose 0 = -4*q - 3*t + 14679, 10*q = 9*q - 5*t + 3657. What are the prime factors of q?
2, 3, 17
Suppose -1876 = 14*i - 55412. List the prime factors of i.
2, 239
Suppose 2455 = 5*i + f, 5*f = 2*i - 6*i + 1985. What are the prime factors of i?
2, 5, 7
What are the prime factors of -3*167*(-56)/12?
2, 7, 167
Let u = -33 - -39. Suppose 4*c = 2*c + u. Suppose 5*z = -c + 233. List the prime factors of z.
2, 23
What are the prime factors of 6/(-9) - (-11694)/18?
11, 59
Let n(d) = -d**2 + 21*d + 24. Let t(i) = i**2 - 14*i - 16. Let c(v) = 5*n(v) + 8*t(v). What are the prime factors of c(6)?
2, 29
Let d = -68 + 122. What are the prime factors of -51*5/(-60)*(d + 2)?
2, 7, 17
Let n = -59 - 11. What are the prime factors of (-2548)/n + 3/5?
37
Let f = 20 - 19. Suppose j + f = 0, -4*j = -5*q + 197 + 397. List the prime factors of q.
2, 59
Suppose -571 - 68 = -9*b. What are the prime factors of b?
71
Suppose 5*y = 33 + 67. Suppose 4*z - 2*z - 16 = -2*g, -z + y = -5*g. Let k = 1 + z. List the prime factors of k.
11
Let c(n) = -n + 3. Let a be c(-2). Suppose 2*g + 309 = a*g. List the prime factors of g.
103
List the prime factors of (-1674)/72 + 23 - (-14746)/8.
19, 97
Let h be (-1 + 2)/(1/2). Suppose -3*x - 1 + 4 = h*t, 5*x = -t + 12. What are the prime factors of 61 - x*(-5)/5?
2
Let g be (-1)/((-1)/2*-1). What are the prime factors of (((-9)/g)/3)/((-39)/(-1196))?
2, 23
Suppose 0 = -3*f - 3, -5*g + 306 + 345 = -f. List the prime factors of g.
2, 5, 13
Suppose 21*m = 25143 + 24354. List the prime factors of m.
2357
Suppose -2*r + 4*o = -50, 2*o + 59 + 42 = 5*r. List the prime factors of r*1 + 14/(-14).
2, 3
Let y(s) = 6*s**2 + 27*s - 18. What are the prime factors of y(9)?
3, 79
Let p(t) = -t - 9. Let c be p(-7). List the prime factors of (24/(-3))/c - -41.
3, 5
Suppose -5*s - 4*o = -36, -2*s + 5*o = 9 + 3. Suppose p = -p, -s*k - 5*p = -428. What are the prime factors of k?
107
Let u(m) = 371*m**3 + 8*m - 20. What are the prime factors of u(2)?
2, 3, 13, 19
Let j(t) = t - 11. Let g(u) = -1. Let f(m) = 4*g(m) - j(m). Let z be (-1 + -8)*(-6)/(-9). List the prime factors of f(z).
13
Suppose 6*a + 0*a - 30 = 0. List the prime factors of -1*3 - (-3 - 340/a).
2, 17
Let h = 11 - 11. Let a = 2 - h. Suppose -3*s + 75 = -a*j, 0*j = -3*s + 4*j + 69. What are the prime factors of s?
3
Let a be (-46)/(-6) - (-6)/18. Let m = 10 - a. Suppose 0 = 4*f - m*n + 7*n - 125, -2*f + 57 = -3*n. List the prime factors of f.
2, 3, 5
List the prime factors of (-5 - -6 - 0)*542.
2, 271
Let b = -44 + 63. Suppose 2*q = 155 - b. List the prime factors of q.
2, 17
Suppose 2*v = x - 66, 5*x - 3*v - 336 = v. Suppose -5*s + 32 = -x. What are the prime factors of s?
2, 5
Suppose -g - 4*o + 17 = 0, -6 = 3*g - 3*o + 18. Let u be (g - -5 - 45)*1. Let f = -17 - u. What are the prime factors of f?
2, 13
Suppose -36536 = -9*w + 3991. What are the prime factors of w?
3, 19, 79
Suppose -2*l - 2*l - 5*p + 1173 = 0, -5*l = 3*p - 1450. Suppose 5*q + 2*q = l. List the prime factors of q.
41
Let d(k) be the first derivative of k**3/3 + 2*k**2 - 6*k - 9. Let y 